{"id":16117,"date":"2023-05-07T15:17:14","date_gmt":"2023-05-07T15:17:14","guid":{"rendered":"https:\/\/www.kimwilde.fr\/v2\/?page_id=16117"},"modified":"2023-05-07T15:26:13","modified_gmt":"2023-05-07T15:26:13","slug":"nena-kim-wilde-anyplace-anywhere-anytime","status":"publish","type":"page","link":"https:\/\/www.kimwilde.fr\/v2\/nena-kim-wilde-anyplace-anywhere-anytime\/","title":{"rendered":"Nena &#038; Kim Wilde &#8211; Anyplace, Anywhere, Anytime"},"content":{"rendered":"<p><a href=\"https:\/\/www.kimwilde.fr\/v2\/wp-content\/uploads\/2023\/05\/nena-et-kim.jpg\"><img loading=\"lazy\" decoding=\"async\" class=\"wp-image-16119 alignright\" src=\"https:\/\/www.kimwilde.fr\/v2\/wp-content\/uploads\/2023\/05\/nena-et-kim-300x300.jpg\" alt=\"\" width=\"200\" height=\"200\" srcset=\"https:\/\/www.kimwilde.fr\/v2\/wp-content\/uploads\/2023\/05\/nena-et-kim-300x300.jpg 300w, https:\/\/www.kimwilde.fr\/v2\/wp-content\/uploads\/2023\/05\/nena-et-kim-150x150.jpg 150w, https:\/\/www.kimwilde.fr\/v2\/wp-content\/uploads\/2023\/05\/nena-et-kim-100x100.jpg 100w, https:\/\/www.kimwilde.fr\/v2\/wp-content\/uploads\/2023\/05\/nena-et-kim.jpg 350w\" sizes=\"auto, (max-width: 200px) 100vw, 200px\" \/><\/a><a href=\"https:\/\/www.kimwilde.fr\/v2\/wp-content\/uploads\/2023\/05\/kim-wilde-anyplace-anywhere-anytime.jpg\"><img loading=\"lazy\" decoding=\"async\" class=\"wp-image-16118 alignleft\" src=\"https:\/\/www.kimwilde.fr\/v2\/wp-content\/uploads\/2023\/05\/kim-wilde-anyplace-anywhere-anytime-298x300.jpg\" alt=\"\" width=\"200\" height=\"202\" srcset=\"https:\/\/www.kimwilde.fr\/v2\/wp-content\/uploads\/2023\/05\/kim-wilde-anyplace-anywhere-anytime-298x300.jpg 298w, https:\/\/www.kimwilde.fr\/v2\/wp-content\/uploads\/2023\/05\/kim-wilde-anyplace-anywhere-anytime-100x100.jpg 100w, https:\/\/www.kimwilde.fr\/v2\/wp-content\/uploads\/2023\/05\/kim-wilde-anyplace-anywhere-anytime.jpg 600w\" sizes=\"auto, (max-width: 200px) 100vw, 200px\" \/><\/a>Pour la c\u00e9l\u00e9bration sc\u00e9nique du 20e anniversaire de la chanteuse allemande <a href=\"https:\/\/fr.wikipedia.org\/wiki\/Nena\" target=\"_blank\" rel=\"noopener\">Nena<\/a>, un concert sp\u00e9cial a eu lieu en octobre 2002. Nena a chant\u00e9 avec plusieurs invit\u00e9s et notamment avec Kim sur son tube \u00ab&nbsp;Irgendwie, Irgendwo, Irgendwann&nbsp;\u00bb dans une version live sp\u00e9ciale allemand-anglais.<\/p>\n<p>Nena &amp; Kim r\u00e9enregistre la chanson et elle appara\u00eet sur l\u2019album best-of de Nena \u00ab Nena feat. Nena \u00bb sorti le 28 octobre 2002. Ensuite le single est sorti le 19 mai 2003 dans de nombreux pays europ\u00e9ens. Il est devenu un \u00e9norme succ\u00e8s dans de nombreux pays. En Autriche et aux Pays-Bas, il a \u00e9t\u00e9 class\u00e9 n\u00b01 et n\u00b0 3 en Allemagne.<\/p>\n<p><\/p>\n\n<p>L\u2019original est sorti le 5 octobre 1984 et a permis \u00e0 Nena de prendre la 3\u00e8me place en Allemagne. L\u2019album \u00ab\u00a0Feuer und Flamme\u00a0\u00bb est plus tard chant\u00e9 enti\u00e8rement en anglais \u00ab\u00a0It\u2019s All In The Game\u00a0\u00bb.<\/p>\n<p>\u00a0<\/p>\n\n<p>\u00ab\u00a0Anyplace, Anywhere, Anytime\u00a0\u00bb ne sortira qu\u2019en CD : le maxi-CD avec quatre titres, un CD deux titres avec pochette. Il existe deux versions de la version chant\u00e9e avec Kim. La version incluse sur l\u2019album et une version remix\u00e9e pour la sortie du single.<\/p>\n<p>\u00a0<\/p>\n\n<p><a title=\"\" href=\"https:\/\/youtu.be\/l8_8oeGwfnQ\" target=\"_blank\" rel=\"noopener\">Une vid\u00e9o<\/a> tourn\u00e9e \u00e0 Londres est produite par Marcus Sternberg.<\/p>\n<p>\u00a0<\/p>\n<p>\u00a0<\/p>\n\n<p style=\"text-align: center;\">Paroles<\/p>\n\n\n<div class=\"wp-block-columns is-layout-flex wp-container-core-columns-is-layout-1 wp-block-columns-is-layout-flex\">\n<div class=\"wp-block-column is-layout-flow wp-block-column-is-layout-flow\" style=\"flex-basis:25%\"><\/div>\n\n\n\n<div class=\"wp-block-column is-layout-flow wp-block-column-is-layout-flow\" style=\"flex-basis:50%\">\n<p style=\"text-align: center;\">Im Sturz durch Raum und Zeit<br \/>Richtung Unendlichkeit<br \/>Fliegen Motten in das Licht<br \/>Genau wie du und ich<\/p>\n<p style=\"text-align: center;\">Wrap your fingers &#8217;round my neck<br \/>You don&rsquo;t speak my dialect<br \/>But our images reflect<br \/>Drawn together by the flame<br \/>We are just the same<br \/>Embrace the wind and fall into<br \/>Another time and space<\/p>\n<p style=\"text-align: center;\">Gib&rsquo; mir die Hand<br \/>Ich bau dir ein Schloss aus Sand<br \/>Irgendwie irgendwo irgendwann<\/p>\n<p style=\"text-align: center;\">If we belong to each other, we belong<br \/>Anyplace anywhere anytime<\/p>\n<p style=\"text-align: center;\">Im Sturz durch Zeit und Raum<br \/>Erwacht aus einem Traum<br \/>Nur ein kurzer Augenblick<br \/>Dann kehrt die Nacht zur\u00fbck<br \/>Bits and pieces from your storm<br \/>Rain upon me as they form<br \/>Melt into my skin and I feel warm<br \/>Sweep upon me like a wave<br \/>We are young and brave<br \/>Embrace the wind and float into<br \/>Another time and space<\/p>\n<p style=\"text-align: center;\">Gib&rsquo; mir die Hand<br \/>Ich bau dir ein Schloss aus Sand<br \/>Irgendwie irgendwo irgendwann<\/p>\n<p style=\"text-align: center;\">If we belong to each other, we belong<br \/>Anyplace anywhere anytime<br \/>I&rsquo;m going to any world you&rsquo;re coming from<br \/>Anyplace anywhere anytime<\/p>\n<p style=\"text-align: center;\">(Drawn together by the flame)<br \/>(We are just the same)<br \/>(Embrace the wind and fall)<br \/>(Into another time and space)<\/p>\n<p style=\"text-align: center;\">If we belong to each other, we belong<br \/>Anyplace anywhere anytime<br \/>I&rsquo;m going to any world you&rsquo;re coming from<br \/>Anyplace anywhere anytime<\/p>\n<\/div>\n\n\n\n<div class=\"wp-block-column is-layout-flow wp-block-column-is-layout-flow\" style=\"flex-basis:25%\"><\/div>\n<\/div>\n","protected":false},"excerpt":{"rendered":"<p class=\"excerpt\">Pour la c\u00e9l\u00e9bration sc\u00e9nique du 20e anniversaire de la chanteuse allemande Nena, un concert sp\u00e9cial a eu lieu en octobre 2002. Nena a chant\u00e9 avec plusieurs invit\u00e9s et notamment avec Kim sur son tube \u00ab&nbsp;Irgendwie, Irgendwo, Irgendwann&nbsp;\u00bb dans une version live sp\u00e9ciale allemand-anglais. Nena &amp; Kim r\u00e9enregistre la chanson et elle appara\u00eet sur l\u2019album best-of de Nena \u00ab Nena feat.&hellip; <a href=\"https:\/\/www.kimwilde.fr\/v2\/nena-kim-wilde-anyplace-anywhere-anytime\/\">Lire plus &rarr;<\/a><\/p>\n","protected":false},"author":1,"featured_media":0,"parent":0,"menu_order":0,"comment_status":"closed","ping_status":"closed","template":"","meta":{"om_disable_all_campaigns":false,"_monsterinsights_skip_tracking":false,"_monsterinsights_sitenote_active":false,"_monsterinsights_sitenote_note":"","_monsterinsights_sitenote_category":0,"footnotes":""},"class_list":["post-16117","page","type-page","status-publish","hentry","xfolkentry"],"aioseo_notices":[],"_links":{"self":[{"href":"https:\/\/www.kimwilde.fr\/v2\/wp-json\/wp\/v2\/pages\/16117","targetHints":{"allow":["GET"]}}],"collection":[{"href":"https:\/\/www.kimwilde.fr\/v2\/wp-json\/wp\/v2\/pages"}],"about":[{"href":"https:\/\/www.kimwilde.fr\/v2\/wp-json\/wp\/v2\/types\/page"}],"author":[{"embeddable":true,"href":"https:\/\/www.kimwilde.fr\/v2\/wp-json\/wp\/v2\/users\/1"}],"replies":[{"embeddable":true,"href":"https:\/\/www.kimwilde.fr\/v2\/wp-json\/wp\/v2\/comments?post=16117"}],"version-history":[{"count":3,"href":"https:\/\/www.kimwilde.fr\/v2\/wp-json\/wp\/v2\/pages\/16117\/revisions"}],"predecessor-version":[{"id":16124,"href":"https:\/\/www.kimwilde.fr\/v2\/wp-json\/wp\/v2\/pages\/16117\/revisions\/16124"}],"wp:attachment":[{"href":"https:\/\/www.kimwilde.fr\/v2\/wp-json\/wp\/v2\/media?parent=16117"}],"curies":[{"name":"wp","href":"https:\/\/api.w.org\/{rel}","templated":true}]}}